
True
Let f be (-136)/34 + (-1 + 1 - -139). Let t = 1280 - f. Is t a prime number?
False
Suppose -3*r - 2 + 32 = 0. Is 1586/r + (-6)/(-15) a prime number?
False
Suppose -4*v + 9 = 3*h, -3*v - 2*v - h = -14. Let c be v - (0 - 7) - 4. Is ((-374)/c)/(6/(-18)) composite?
True
Suppose 5*q - 89 = -4*v + 33, -q + 130 = 4*v. Suppose 1226 = v*a - 31*a. Is a prime?
True
Suppose 4*z + 151 = -d + 12, -5*z - 290 = 2*d. Let k = d + 458. Is k prime?
False
Suppose -p = h - 18483, -5*p - 22541 = -3*h + 32876. Is h prime?
False
Let d(w) = -1906*w + 29. Is d(-2) a prime number?
False
Let g = -14822 - -10527. Is (-3 + g/(-10))*2 a composite number?
False
Let n(i) = i**3 - 26*i**2 + 26*i - 20. Let o be n(25). Let a(d) = 6*d**3 - 4*d**2 + 8*d - 7. Is a(o) prime?
True
Suppose -3 = -7*f + 6*f. Suppose 4*y - 3 = f*y. Is (2/y)/((-28)/(-4578)) prime?
True
Let f(k) = k**3 - 7*k**2 - k + 19. Let h be f(7). Suppose -3170 = 7*r - h*r. Is r a prime number?
False
Let x = 530 + 723. Is x a prime number?
False
Let y(o) = -2*o**3 - 3*o**2 + 5*o + 5. Let j(q) = q**3 + 9*q**2 + 8*q - 5. Let u be j(-8). Let f be y(u). Suppose -5*s + f = -0*s. Is s prime?
True
Let x(r) = -3 + 6*r**2 + 2*r**2 + 19 + 11*r + 0*r**2. Is x(-7) a composite number?
False
Let h(f) = -133*f + 3. Let c(a) = -1. Let m(s) = 2*c(s) + h(s). Let y be m(-1). Let g = y - 75. Is g prime?
True
Suppose 4324 = 15*w - 11*w. Is w a prime number?
False
Suppose x - 9 = 4*v + 4, 2*x - 26 = 5*v. Let a be 1878/39 + (-22)/143. Let r = a - x. Is r a composite number?
True
Let q(b) = 1286*b - 3. Let c be q(5). Suppose -u - 35972 = -3*l, 0 = -l + u + 18419 - c. Is 2/(-9) - l/(-90) a prime number?
False
Let g(s) be the third derivative of -47*s**6/144 + s**5/60 + 5*s**4/24 - 4*s**2. Let m(f) be the second derivative of g(f). Is m(-3) prime?
False
Let y(w) = 209*w**2 - 6*w - 28. Is y(-5) composite?
False
Suppose -a = -7814 - 4703. Is a a composite number?
False
Let s be ((-11)/2)/(2/(-236)). Suppose 73 = -t - 229. Let p = s + t. Is p prime?
True
Let r(w) = -4*w + 9. Let s(b) = 4*b - 10. Let p(g) = -5*r(g) - 4*s(g). Let z = -19 - -30. Is p(z) a composite number?
True
Suppose 5*q + 2*v - 554 = -2*v, -2*q + 5*v + 215 = 0. Let j = 255 - q. Is j prime?
False
Is 44*(4/(-5) + (-16004)/(-80)) a composite number?
True
Let w(p) = 151*p**2 - 32*p - 38. Is w(-9) composite?
True
Suppose 11*x - 14368 = 6015. Is x a prime number?
False
Let s(x) = -8*x**3 + 6*x**2 - 2*x - 3. Let i(j) = -23*j**3 + 17*j**2 - 7*j - 8. Let l(c) = -4*i(c) + 11*s(c). Is l(5) a prime number?
True
Let o = -7 + 7. Suppose 2*z + 0*z - 1290 = o. Let k = z + -460. Is k composite?
True
Suppose -364*o - 28123 = -365*o. Is o a composite number?
False
Let n = -11783 + 16912. Is n composite?
True
Let c = -23 + 32. Suppose -3*t = c, -l = -2*l + 3*t + 20. Let f(j) = 12*j + 23. Is f(l) composite?
True
Let s = 194044 + 267403. Is s composite?
True
Let b(y) = -2*y + 13. Let h be b(-4). Suppose 16*p = h*p - 8785. Is p a composite number?
True
Let l(u) be the first derivative of 2*u**3/3 - 2*u**2 + 3*u + 1. Let n be l(-6). Suppose 0 = -g - 4*v + 79, -5*g - 5*v + n + 341 = 0. Is g a composite number?
True
Let c be 2/(-6) + 7932/36. Suppose -c*g + 644 = -216*g. Is g composite?
True
Suppose 309 = -2*v + 47. Let d = v - -369. Suppose 4*j = 70 + d. Is j prime?
False
Suppose -5*a - 3 = 2*h, 0 = 4*h + a + 3*a - 12. Let o(q) = 76*q + 25. Is o(h) prime?
False
Let c = 25 + -33. Is -489*(c - -3)/5 a prime number?
False
Suppose 8*u - 13*u + 825 = 0. Is 132/u*10130/4 composite?
True
Suppose 0*o + 9*o = -18. Is o - 1 - (-13 + -409) composite?
False
Suppose -2*o + 1 = -3*o, 28553 = 5*u + 2*o. Is u composite?
False
Suppose -5*u - 4*z = z - 14995, 2*z = 5*u - 14995. Is u a composite number?
False
Suppose -3*c = 0, 13 = 3*q + 3*c - 23. Suppose -8*a - 2564 = -q*a. Is a composite?
False
Suppose 55*r = 62*r - 32263. Is r a composite number?
True
Suppose 474420 = 12*i + 111888. Is i prime?
True
Let d(k) = 15*k + 42*k**2 - 5 + 14*k - 2 - 33*k. Is d(-4) a composite number?
True
Is ((-47335)/(-15))/(3 + (-16)/6) prime?
True
Let c(u) = -u**2 - 4*u + 5. Let i be c(-5). Let x(r) = r**3 - 3*r**2 - r - 123. Let l(s) = s**3 - s**2 - 1. Let k(o) = 2*l(o) - x(o). Is k(i) prime?
False
Let b(x) = x + 1. Let h be b(-3). Let r(y) = 16*y - 8*y**3 + 2*y**2 - 31*y + 3 + 18*y. Is r(h) a prime number?
False
Suppose -2*v + 126 - 25 = -f, -43 = -v + 3*f. Suppose 108 = -4*x - m, -4*x - 108 = 2*m + m. Let q = v + x. Is q a composite number?
True
Is (0 + (-402)/4)*6562/(-51) prime?
False
Suppose -6 = 3*k + 9. Is (-7838)/k + 3/(-5) composite?
False
Suppose z - 3 = -2*j, -2*j + 0*z + 18 = 4*z. Is j*(-1437)/(-12)*-4 a prime number?
True
Let s(q) = -11*q - 40. Let h(l) = -l - 1. Let x(k) = 5*h(k) + s(k). Is x(-24) composite?
True
Let n(f) = f**3 - 3*f**2 + 5*f - 5. Let p be n(2). Let y(s) = -3*s + 1. Let i be y(p). Is (-140)/i - (-8 - -11) prime?
True
Let g(v) = -v**3 - 3*v**2 - v - 6. Let y be g(-3). Is (-56552)/24*y/1 composite?
False
Suppose -6*i = -800 + 86. Is i prime?
False
Let w = 23 - 22. Suppose 0 = -m - w - 5. Let b = m + 21. Is b prime?
False
Is (-35)/105 + (-6284)/(-6) prime?
False
Let n be 2*141/(-54) - (-6)/27. Let g(c) = -6*c**3 - 2*c**2 + 2*c - 5. Is g(n) composite?
True
Is 12/(-3) + 980 - -1 a prime number?
True
Let f(r) = 16*r - 25. Let m be f(13). Let s = m + -130. Is s a prime number?
True
Suppose 2*o - 12 = 5*l, -3*l - o = -5*o + 10. Let i be (12/(-9) - l)*-90. Let f = i - -127. Is f a prime number?
True
Let t = -29 + 33. Suppose 8206 = t*b + 2*x, -5*x = -2*b + 2046 + 2075. Is b composite?
False
Is ((17486/(-6))/(-7))/(3/63) composite?
True
Suppose -10*d = -77960 - 48050. Is d prime?
True
Is -1*35/70*(-114052)/2 composite?
False
Suppose 2*h = -0*h + 6. Let a = -356 - -629. Suppose -84 = -h*g + a. Is g a composite number?
True
Is ((-338547)/(-22))/((-5)/(-10)) a composite number?
True
Let b = -335 - -479. Let z = 35 + b. Is z a prime number?
True
Is (-32068)/(-14) + (10 - 201/21) a composite number?
True
Let i = 8361 + -5500. Is i prime?
True
Let m = 121 - 177. Is (-264808)/m - 2/(-7) composite?
False
Suppose -1043 = 11*q - 5960. Is q composite?
True
Let f(h) = -h**2 + 4*h + 4. Let a be f(6). Suppose -5*n + 510 = -7*c + 3*c, -217 = -2*n - c. Is (n/a)/((-8)/32) composite?
False
Suppose -36*w = -44*w + 356144. Is w a composite number?
True
Let t = -17548 - -47733. Is t a composite number?
True
Suppose -4*b = -8*b + 4. Let h be (b/(-3) - 3)*-30. Suppose -2*s + 6*s - h = 0. Is s a composite number?
True
Let x(c) = -c**3 + c**2 + 3. Let k be x(0). Let u be (k/(-2))/(21/(-28)). Suppose u*y = n - 25, 3*n - 101 = 2*y - 14. Is n prime?
True
Suppose 0 = z - 2*z + 4. Suppose z = 3*d - 2. Suppose 2*w + d*t - 137 = -3*t, 2*w - 146 = 4*t. Is w a prime number?
True
Let i = -3072 + 4793. Is i prime?
True
Suppose 2*i + 3*c - 13247 = 0, i = -3*i - c + 26509. Let s = i - 3861. Is s a prime number?
True
Let m be 4/6*(2379 - 18). Is (m/(-4))/(4/(-8)) a prime number?
True
Suppose 5*c - 5260 = -5*p, -3*c + c + 3158 = 3*p. Suppose o = q - p, -4*q + 7*q - o - 3164 = 0. Is q a composite number?
True
Let h(b) = 66*b**3 + 9*b**2 - 71*b - 11. Is h(6) a composite number?
False
Let m = 448 + 1023. Is m a prime number?
True
Let k(y) = -y**3 + 5*y**2 - 5*y + 9. Let c be k(4). Let j be c - -3*8/12. Let h(t) = 26*t + 3. Is h(j) a prime number?
False
Let b = 96534 - 67363. Is b a prime number?
False
Suppose -2*t + 59 = -179. Suppose 0 = -5*f - 319 + t. Is -1 + -2 - (-1 + f) a prime number?
False
Let f(g) = 1490*g**2 + 37*g - 5. Is f(6) a prime number?
True
Is (-4 - (-8)/4)*10436/(-8) prime?
True
Let g be (-66)/(-3) + (-1 - -3). Is (-14288)/(-5) + g/(-40) a composite number?
False
Suppose 7*r = 3712 + 7075. Is r a composite number?
True
Is (8 - 6) + (1 - -1216) composite?
True
Let r be 702/8 + (-7)/(-28). Suppose -r = -3*z + 320. Suppose 2*d - z = -4*o, -59 = -o - 4*d - 25. Is o a prime number?
False
Suppose 0 = -2*x + 6 - 2. Let w be 0/((-4)/(x + 2)). Suppose w = 5*n - 2056 + 761. Is n a prime number?
False
Let l be 28/6 + (-12)/(-36). Suppose -2*v + 57 = -3*m - 472, l*v = 4*m + 1333. Is v a prime number?
True
Suppose 4*k = -0*j + 2*j + 38, -k + 2 = 0. Let d = 15 + j. Suppose 3*r + 34 = u - d*r, 3*u = -3*r + 150. Is u a composite number?
True
Let h(